Let c be r/91 + (-4)/26. Calculate the highest common divisor of c and v.
14
Let n(z) = 5*z**2 + 4*z + 2. Let v be n(4). Calculate the highest common divisor of 14 and v.
14
Let g be 2*(-35)/4*-2. What is the highest common divisor of 7 and g?
7
Suppose 0 = -6*n - 129 + 459. Calculate the highest common divisor of 22 and n.
11
Let k(t) = -t**2 + 8*t + 1. Let x be k(9). Let a be 24*1*(-4)/x. Calculate the highest common divisor of a and 132.
12
Let o = 4 - -4. Let y(u) = u**2 - 7*u - 5. Let f be y(o). What is the greatest common divisor of 1 and f?
1
Suppose 6*l - 3*l - 15 = 0. Let n(d) = d**3 - 5*d**2 + d + 6. Let g be n(l). What is the highest common factor of 22 and g?
11
Suppose -99 = -p - w - w, -435 = -4*p + 5*w. Calculate the highest common factor of 35 and p.
35
Let c = -1 + 5. Let p = c + 0. What is the greatest common divisor of 2 and p?
2
Suppose -19*d + 170 = -2*d. Calculate the greatest common divisor of 35 and d.
5
Let k be (-4)/14 + (-47)/7. Let n = 11 + k. Suppose 52 = 4*f - n. Calculate the greatest common factor of 112 and f.
14
Suppose 3*y - 2*y - 2*l - 174 = 0, 4*y + 2*l - 726 = 0. Suppose 2*t = 6*t - y. Calculate the greatest common divisor of 9 and t.
9
Let q be ((-3)/(-6))/((-2)/(-120)). What is the highest common factor of q and 12?
6
Let t(o) = -4*o**2 + 21*o + 3. Let z be t(5). Calculate the highest common factor of z and 32.
8
Suppose 4 = 5*y - 1. Suppose 3*h + y - 28 = 0. Calculate the greatest common factor of h and 36.
9
Let d(v) be the first derivative of -4*v**2 - 3 + 1/4*v**4 + 7*v - 2/3*v**3. Let b be d(5). What is the greatest common divisor of b and 6?
6
Suppose 721 = 3*l + 2*v, 3*l + 4*v = 810 - 97. Suppose -132 = u - 4*u + 4*c, 5*u + c = l. Calculate the highest common factor of 32 and u.
16
Suppose 10*k = 13 + 7. What is the highest common factor of k and 2?
2
Let j = -59 + 29. Let n = -9 - j. Calculate the greatest common factor of n and 21.
21
Let t = 72 - 59. Calculate the highest common factor of t and 52.
13
Suppose 0 = -4*q + 3 + 9. Let o be ((-170)/(-15))/(2/q). Let c be (-2)/3 - (-1126)/6. What is the highest common divisor of o and c?
17
Suppose -13 - 320 = -9*j. Calculate the greatest common divisor of j and 37.
37
Let h(b) = -b**2 - 15*b - 10. Let w be h(-10). Calculate the greatest common factor of 100 and w.
20
Suppose -3*j + 5*j = 8. Suppose y = 3*r, -3*y + 5*r - 1 = 3. Let f be 48*(1 + 1/y). Calculate the highest common divisor of j and f.
4
Suppose 0 = -2*q - q + 15. Suppose -21 = -5*a + 4*p, -25 = -a - 4*a + q*p. Let t be -1*(-3 - -2)*a. Calculate the highest common divisor of 7 and t.
1
Suppose 4*o = -o + 10. Suppose -35*z = -33*z - 32. What is the highest common factor of o and z?
2
Suppose -5*p = -3*b + 22, -3*b - b + 26 = -5*p. Suppose 5*z = b*z + 35. What is the highest common factor of z and 5?
5
Suppose 4*m = 3*c + 11, 0*c - 2*c = 2. What is the highest common divisor of m and 10?
2
Suppose -4*f + 6*f = 72. Calculate the highest common factor of 6 and f.
6
Suppose 19*o - 22*o + 15 = 0. Let k = 17 + -12. Calculate the greatest common divisor of o and k.
5
Let l = -5 + 7. Suppose -l*t = -10 - 16. Suppose -3*n + 61 = t. Calculate the greatest common divisor of 144 and n.
16
Suppose 0 = a - 4*v - 40, -5*a + 168 = -2*v - 2*v. What is the highest common divisor of a and 8?
8
Suppose 112 = -10*g + 14*g. Suppose 4*q + 3 - 11 = 0. Let t be (-13 + 1)*(-7)/q. What is the highest common factor of g and t?
14
Let q(u) = -u + 3. Let h be q(3). Suppose 0 = -2*m - h*m + 22. Let p = m + -5. Calculate the highest common divisor of 4 and p.
2
Suppose -y = -17 + 11. Calculate the greatest common divisor of 24 and y.
6
Suppose 2*a - 20 = -3*a + t, -4*a + 2 = 2*t. Calculate the greatest common divisor of 3 and a.
3
Suppose -23*b + 21*b = -26. Calculate the highest common divisor of 299 and b.
13
Let z be 5 + (143 - 3)/4. Calculate the highest common factor of 5 and z.
5
Suppose 0*n + 54 = n. Let m be ((-3)/(-6))/((-1)/(-24)). Let l = m - 6. What is the greatest common divisor of n and l?
6
Let o(a) = -a**2 + 4*a - 4. Let l be o(5). Let u be -24*(3 + l/2). Suppose 0*t + u = 4*t. Calculate the highest common divisor of 45 and t.
9
Let k be ((-2)/(-6))/(3/(-9)). Let g = k - -51. Let z be -5 + 3 + (-22)/(-1). What is the highest common divisor of g and z?
10
Let z be (-8)/6*-9 - 3. Let l = 17 - z. What is the greatest common divisor of 16 and l?
8
Suppose 0 = 5*d + 132 + 23. Let k = d - -46. Calculate the greatest common divisor of 60 and k.
15
Let q(j) = 3*j**2 + 4*j + 3. Let y be q(-3). Suppose 6*b = 2*b - 16. Let r be (9/b)/((-6)/72). Calculate the greatest common divisor of y and r.
9
Suppose 0 = -y - 2 + 1. Let v(t) = -13*t**3 - t**2 + t + 1. Let r be v(y). Let c be (-168)/(-27) + 6/(-27). What is the highest common factor of c and r?
6
Suppose -2*c + 2*k + 12 = 0, c = 2*c - 5*k - 22. Suppose -6 = -c*j - 2. What is the greatest common factor of j and 4?
2
Suppose -3*n + 2*k = -34, 7*k = -3*n + 2*k + 62. Let a(h) = 13*h - 17. Let i be a(n). Calculate the highest common divisor of 15 and i.
15
Let t(r) = 27*r**2 + r. Let k be ((-10)/(-30))/((-2)/(-6)). Let p be t(k). Calculate the highest common factor of p and 4.
4
Let b = -8 - -8. Let x = 6 + b. What is the greatest common divisor of x and 24?
6
Let g be (1 + 57/(-15))*5. Let n = -4 - g. Let m be 15/n - (-34)/4. What is the greatest common factor of 110 and m?
10
Suppose 0 = -4*o + 355 + 5. What is the highest common divisor of o and 30?
30
Suppose -2*k - 3*o + 26 = -2*o, -2*o - 23 = -k. What is the highest common divisor of 5 and k?
5
Let k = 120 + -43. What is the highest common factor of k and 7?
7
Let n be ((-6)/15)/(1/(-180)). Calculate the greatest common factor of 48 and n.
24
Suppose 0 = 2*j - 37 - 15. What is the highest common factor of j and 286?
26
Let k(s) = -s**2 + 9*s - 10. Let r be k(4). What is the highest common factor of r and 40?
10
Let w be 1 + (7 + -3)/2. Suppose 4*q = w*q + 4. What is the greatest common factor of q and 44?
4
Let k = -9 + 23. Let b = 2 - 0. Suppose -4*u = -2*c - 66, 0*u = 3*u - b*c - 52. Calculate the highest common divisor of u and k.
14
Let y = 7 + -7. Let r = 1 + y. Let d(s) = 176*s**3 - s**2 + s - 1. Let u be d(r). Calculate the greatest common divisor of 25 and u.
25
Let w be (4*1)/(1/9). Let c be (-2 - -1) + w + -1. What is the greatest common factor of 51 and c?
17
Let x(b) = 2*b + 2. Let n be x(2). Calculate the greatest common factor of n and 42.
6
Let z = 168 + -69. Let f(i) = -i**3 + 6*i**2 + 7*i + 9. Let q be f(7). Calculate the highest common divisor of q and z.
9
Let j(l) = -3*l + 46. Let i be j(8). What is the greatest common factor of i and 2?
2
Let y be (-9)/36 + 143/(-4). Let r be 4/(y/21 - -2). Calculate the greatest common divisor of 56 and r.
14
Suppose 0 = -3*s + 4*s + 16. Let h = -7 - s. Calculate the greatest common divisor of 99 and h.
9
Suppose 0 = -s - 2*n + 10, -5*n + 9 = 5*s - 46. Let z be 0 - -6*(-2 - -4). Calculate the greatest common divisor of z and s.
12
Let t(g) = g**2 - 6*g - 9. Let d be t(8). Suppose 0 = -2*p + d - 1. Suppose -n = p*x - 2 - 69, 2*x + 86 = n. Calculate the greatest common divisor of n and 10.
10
Let c(p) = -163*p. Let g be c(-1). Suppose 8*q - 3*q + 406 = -2*k, 2*q + k + g = 0. Let i = q - -113. What is the highest common divisor of 3 and i?
3
Let z be (-4)/(-3 - -4 - 2). Suppose 4*j = -i + 29 + 18, -z*i = 3*j - 214. Calculate the greatest common divisor of 11 and i.
11
Let m(b) = b**3 + 12*b**2 + 11*b + 11. Let z be m(-10). Let r = z - 168. Let j = r - -130. Calculate the highest common factor of 7 and j.
7
Let u(h) = 11*h - 18. Let g be u(9). What is the highest common factor of g and 54?
27
Let g be 4/(-14) - 2085/(-21). Let q be 2/(4 + 0)*-26. Let i = -4 - q. What is the greatest common factor of i and g?
9
Let j be 118/4 - (-1)/2. Let h be 1 - (-1 + 3)/(-2). Suppose u - t = 11, -h*u + 4*u + 3*t - 42 = 0. What is the greatest common divisor of u and j?
15
Suppose 0 = q - 89 - 208. What is the highest common divisor of q and 33?
33
Suppose 43*t = 47*t - 84. Let l(p) = p**2 + p + 189. Let m be l(0). Calculate the highest common divisor of m and t.
21
Suppose 3*k - 28 = k. Calculate the greatest common factor of k and 14.
14
Suppose 11*b - 108 = 8*b. Suppo